{"id":1450,"date":"2025-01-07T21:26:06","date_gmt":"2025-01-07T19:26:06","guid":{"rendered":"https:\/\/www.luneza.es\/?post_type=product&#038;p=1450"},"modified":"2025-01-08T21:32:16","modified_gmt":"2025-01-08T19:32:16","slug":"aldaba-forja","status":"publish","type":"product","link":"https:\/\/www.luneza.es\/index.php\/producto\/aldaba-forja\/","title":{"rendered":"Aldaba Forja"},"content":{"rendered":"<p>A\u00f1ade car\u00e1cter y autenticidad a tu puerta con esta aldaba artesanal \u00fanica, forjada a mano en hierro de alta calidad y decorada con piedra natural seleccionada. Inspirada en t\u00e9cnicas tradicionales, combina la resistencia del hierro con la belleza r\u00fastica de la piedra, creando una pieza funcional y decorativa que resalta la entrada de tu hogar. Elaborada en [tu localidad], esta aldaba es perfecta para quienes buscan detalles \u00fanicos que reflejen la artesan\u00eda local y el amor por los materiales naturales. Ideal para casas r\u00fasticas, puertas de madera o decoraciones con estilo tradicional.<\/p>\n","protected":false},"excerpt":{"rendered":"<p>A\u00f1ade car\u00e1cter y autenticidad a tu puerta con esta aldaba artesanal \u00fanica, forjada a mano en hierro de alta calidad y decorada con piedra natural seleccionada. Inspirada en t\u00e9cnicas tradicionales, combina la resistencia del hierro con la belleza r\u00fastica de la piedra, creando una pieza funcional y decorativa que resalta la entrada de tu hogar. Elaborada en [tu localidad], esta aldaba es perfecta para quienes buscan detalles \u00fanicos que reflejen la artesan\u00eda local y el amor por los materiales naturales. Ideal para casas r\u00fasticas, puertas de madera o decoraciones con estilo tradicional.<\/p>\n","protected":false},"featured_media":1489,"comment_status":"open","ping_status":"closed","template":"","meta":[],"product_brand":[],"product_cat":[47,49],"product_tag":[51,53],"giftcard-category":[],"class_list":{"0":"post-1450","1":"product","2":"type-product","3":"status-publish","4":"has-post-thumbnail","6":"product_cat-forja","7":"product_cat-piedra","8":"product_tag-forja-artesana","9":"product_tag-piedra","12":"instock","13":"taxable","14":"shipping-taxable","15":"product-type-simple","16":"product-grid-view"},"yoast_head":"<!-- This site is optimized with the Yoast SEO plugin v26.4 - https:\/\/yoast.com\/wordpress\/plugins\/seo\/ -->\n<title>Aldaba Forja - Artesanos de Luneza<\/title>\n<meta name=\"description\" content=\"Aldaba artesanal de hierro y piedra natural\" \/>\n<meta name=\"robots\" content=\"index, follow, max-snippet:-1, max-image-preview:large, max-video-preview:-1\" \/>\n<link rel=\"canonical\" href=\"https:\/\/www.luneza.es\/index.php\/producto\/aldaba-forja\/\" \/>\n<meta property=\"og:locale\" content=\"es_ES\" \/>\n<meta property=\"og:type\" content=\"article\" \/>\n<meta property=\"og:title\" content=\"Aldaba Forja - Artesanos de Luneza\" \/>\n<meta property=\"og:description\" content=\"Aldaba artesanal de hierro y piedra natural\" \/>\n<meta property=\"og:url\" content=\"https:\/\/www.luneza.es\/index.php\/producto\/aldaba-forja\/\" \/>\n<meta property=\"og:site_name\" content=\"Artesanos de Luneza\" \/>\n<meta property=\"article:modified_time\" content=\"2025-01-08T19:32:16+00:00\" \/>\n<meta property=\"og:image\" content=\"https:\/\/www.luneza.es\/wp-content\/uploads\/2025\/01\/ALDABA-DETALLE-1.webp\" \/>\n\t<meta property=\"og:image:width\" content=\"1023\" \/>\n\t<meta property=\"og:image:height\" content=\"1596\" \/>\n\t<meta property=\"og:image:type\" content=\"image\/webp\" \/>\n<meta name=\"twitter:card\" content=\"summary_large_image\" \/>\n<meta name=\"twitter:label1\" content=\"Tiempo de lectura\" \/>\n\t<meta name=\"twitter:data1\" content=\"1 minuto\" \/>\n<script type=\"application\/ld+json\" class=\"yoast-schema-graph\">{\"@context\":\"https:\/\/schema.org\",\"@graph\":[{\"@type\":\"WebPage\",\"@id\":\"https:\/\/www.luneza.es\/index.php\/producto\/aldaba-forja\/\",\"url\":\"https:\/\/www.luneza.es\/index.php\/producto\/aldaba-forja\/\",\"name\":\"Aldaba Forja - Artesanos de Luneza\",\"isPartOf\":{\"@id\":\"https:\/\/www.luneza.es\/#website\"},\"primaryImageOfPage\":{\"@id\":\"https:\/\/www.luneza.es\/index.php\/producto\/aldaba-forja\/#primaryimage\"},\"image\":{\"@id\":\"https:\/\/www.luneza.es\/index.php\/producto\/aldaba-forja\/#primaryimage\"},\"thumbnailUrl\":\"https:\/\/www.luneza.es\/wp-content\/uploads\/2025\/01\/ALDABA-DETALLE-1.webp\",\"datePublished\":\"2025-01-07T19:26:06+00:00\",\"dateModified\":\"2025-01-08T19:32:16+00:00\",\"description\":\"Aldaba artesanal de hierro y piedra natural\",\"breadcrumb\":{\"@id\":\"https:\/\/www.luneza.es\/index.php\/producto\/aldaba-forja\/#breadcrumb\"},\"inLanguage\":\"es\",\"potentialAction\":[{\"@type\":\"ReadAction\",\"target\":[\"https:\/\/www.luneza.es\/index.php\/producto\/aldaba-forja\/\"]}]},{\"@type\":\"ImageObject\",\"inLanguage\":\"es\",\"@id\":\"https:\/\/www.luneza.es\/index.php\/producto\/aldaba-forja\/#primaryimage\",\"url\":\"https:\/\/www.luneza.es\/wp-content\/uploads\/2025\/01\/ALDABA-DETALLE-1.webp\",\"contentUrl\":\"https:\/\/www.luneza.es\/wp-content\/uploads\/2025\/01\/ALDABA-DETALLE-1.webp\",\"width\":1023,\"height\":1596},{\"@type\":\"BreadcrumbList\",\"@id\":\"https:\/\/www.luneza.es\/index.php\/producto\/aldaba-forja\/#breadcrumb\",\"itemListElement\":[{\"@type\":\"ListItem\",\"position\":1,\"name\":\"Portada\",\"item\":\"https:\/\/www.luneza.es\/\"},{\"@type\":\"ListItem\",\"position\":2,\"name\":\"Tienda de Artesanos de Luneza\",\"item\":\"https:\/\/www.luneza.es\/index.php\/tienda-artesanos-de-luneza\/\"},{\"@type\":\"ListItem\",\"position\":3,\"name\":\"Aldaba Forja\"}]},{\"@type\":\"WebSite\",\"@id\":\"https:\/\/www.luneza.es\/#website\",\"url\":\"https:\/\/www.luneza.es\/\",\"name\":\"Artesanos de Luneza\",\"description\":\"Forjando belleza, inspirados por la naturaleza.\",\"potentialAction\":[{\"@type\":\"SearchAction\",\"target\":{\"@type\":\"EntryPoint\",\"urlTemplate\":\"https:\/\/www.luneza.es\/?s={search_term_string}\"},\"query-input\":{\"@type\":\"PropertyValueSpecification\",\"valueRequired\":true,\"valueName\":\"search_term_string\"}}],\"inLanguage\":\"es\"}]}<\/script>\n<!-- \/ Yoast SEO plugin. -->","yoast_head_json":{"title":"Aldaba Forja - Artesanos de Luneza","description":"Aldaba artesanal de hierro y piedra natural","robots":{"index":"index","follow":"follow","max-snippet":"max-snippet:-1","max-image-preview":"max-image-preview:large","max-video-preview":"max-video-preview:-1"},"canonical":"https:\/\/www.luneza.es\/index.php\/producto\/aldaba-forja\/","og_locale":"es_ES","og_type":"article","og_title":"Aldaba Forja - Artesanos de Luneza","og_description":"Aldaba artesanal de hierro y piedra natural","og_url":"https:\/\/www.luneza.es\/index.php\/producto\/aldaba-forja\/","og_site_name":"Artesanos de Luneza","article_modified_time":"2025-01-08T19:32:16+00:00","og_image":[{"width":1023,"height":1596,"url":"https:\/\/www.luneza.es\/wp-content\/uploads\/2025\/01\/ALDABA-DETALLE-1.webp","type":"image\/webp"}],"twitter_card":"summary_large_image","twitter_misc":{"Tiempo de lectura":"1 minuto"},"schema":{"@context":"https:\/\/schema.org","@graph":[{"@type":"WebPage","@id":"https:\/\/www.luneza.es\/index.php\/producto\/aldaba-forja\/","url":"https:\/\/www.luneza.es\/index.php\/producto\/aldaba-forja\/","name":"Aldaba Forja - Artesanos de Luneza","isPartOf":{"@id":"https:\/\/www.luneza.es\/#website"},"primaryImageOfPage":{"@id":"https:\/\/www.luneza.es\/index.php\/producto\/aldaba-forja\/#primaryimage"},"image":{"@id":"https:\/\/www.luneza.es\/index.php\/producto\/aldaba-forja\/#primaryimage"},"thumbnailUrl":"https:\/\/www.luneza.es\/wp-content\/uploads\/2025\/01\/ALDABA-DETALLE-1.webp","datePublished":"2025-01-07T19:26:06+00:00","dateModified":"2025-01-08T19:32:16+00:00","description":"Aldaba artesanal de hierro y piedra natural","breadcrumb":{"@id":"https:\/\/www.luneza.es\/index.php\/producto\/aldaba-forja\/#breadcrumb"},"inLanguage":"es","potentialAction":[{"@type":"ReadAction","target":["https:\/\/www.luneza.es\/index.php\/producto\/aldaba-forja\/"]}]},{"@type":"ImageObject","inLanguage":"es","@id":"https:\/\/www.luneza.es\/index.php\/producto\/aldaba-forja\/#primaryimage","url":"https:\/\/www.luneza.es\/wp-content\/uploads\/2025\/01\/ALDABA-DETALLE-1.webp","contentUrl":"https:\/\/www.luneza.es\/wp-content\/uploads\/2025\/01\/ALDABA-DETALLE-1.webp","width":1023,"height":1596},{"@type":"BreadcrumbList","@id":"https:\/\/www.luneza.es\/index.php\/producto\/aldaba-forja\/#breadcrumb","itemListElement":[{"@type":"ListItem","position":1,"name":"Portada","item":"https:\/\/www.luneza.es\/"},{"@type":"ListItem","position":2,"name":"Tienda de Artesanos de Luneza","item":"https:\/\/www.luneza.es\/index.php\/tienda-artesanos-de-luneza\/"},{"@type":"ListItem","position":3,"name":"Aldaba Forja"}]},{"@type":"WebSite","@id":"https:\/\/www.luneza.es\/#website","url":"https:\/\/www.luneza.es\/","name":"Artesanos de Luneza","description":"Forjando belleza, inspirados por la naturaleza.","potentialAction":[{"@type":"SearchAction","target":{"@type":"EntryPoint","urlTemplate":"https:\/\/www.luneza.es\/?s={search_term_string}"},"query-input":{"@type":"PropertyValueSpecification","valueRequired":true,"valueName":"search_term_string"}}],"inLanguage":"es"}]}},"_links":{"self":[{"href":"https:\/\/www.luneza.es\/index.php\/wp-json\/wp\/v2\/product\/1450","targetHints":{"allow":["GET"]}}],"collection":[{"href":"https:\/\/www.luneza.es\/index.php\/wp-json\/wp\/v2\/product"}],"about":[{"href":"https:\/\/www.luneza.es\/index.php\/wp-json\/wp\/v2\/types\/product"}],"replies":[{"embeddable":true,"href":"https:\/\/www.luneza.es\/index.php\/wp-json\/wp\/v2\/comments?post=1450"}],"wp:featuredmedia":[{"embeddable":true,"href":"https:\/\/www.luneza.es\/index.php\/wp-json\/wp\/v2\/media\/1489"}],"wp:attachment":[{"href":"https:\/\/www.luneza.es\/index.php\/wp-json\/wp\/v2\/media?parent=1450"}],"wp:term":[{"taxonomy":"product_brand","embeddable":true,"href":"https:\/\/www.luneza.es\/index.php\/wp-json\/wp\/v2\/product_brand?post=1450"},{"taxonomy":"product_cat","embeddable":true,"href":"https:\/\/www.luneza.es\/index.php\/wp-json\/wp\/v2\/product_cat?post=1450"},{"taxonomy":"product_tag","embeddable":true,"href":"https:\/\/www.luneza.es\/index.php\/wp-json\/wp\/v2\/product_tag?post=1450"},{"taxonomy":"giftcard-category","embeddable":true,"href":"https:\/\/www.luneza.es\/index.php\/wp-json\/wp\/v2\/giftcard-category?post=1450"}],"curies":[{"name":"wp","href":"https:\/\/api.w.org\/{rel}","templated":true}]}}